ts digit of 26*57/12*y - -2?
9
Suppose -12 = 5*t + 2*w, 40 = -5*t + 4*w + w. Let i be (-3 - (-226)/t)/(1/(-6)). Let p = i + -240. What is the tens digit of p?
1
Suppose 7*a - 6*a - u - 28 = 0, -5*a - u = -170. What is the tens digit of a?
3
Let g(i) = 156*i - 114. Let z be g(11). What is the units digit of (-188)/141*z/(-4)?
4
Let w = -3495 + 31198. What is the ten thousands digit of w?
2
Let r(f) = 14*f**2 + 43*f**2 + 9*f + 2 + 3*f + 19 + 4. What is the tens digit of r(-3)?
0
Suppose 3*o = -4*h + 95, -3*h + 20 = h. Let w = -23 + o. Suppose 120 = w*a - 46. What is the tens digit of a?
8
Let g be 5/30*-2 + (-2150)/(-6). Let r = g - 199. What is the hundreds digit of r?
1
Let x(l) = 99*l**2 + 456*l + 57. What is the units digit of x(-18)?
5
Let i = -12 + 9. Let x be 2*(i + (-15)/(-6)). What is the units digit of x + 2 - (-9 - 67)?
7
Let d(q) = -12*q**3 - 5*q**2 - 13*q - 26. Let c be d(-6). Let f = -1628 + c. What is the units digit of f?
6
Let p = -3634 + 8102. What is the tens digit of p?
6
Let i be (-145)/(-7) + 1 + (-106)/(-371). Suppose 4*t = 5*j - 589, 0 = 5*j - 21*t + i*t - 584. What is the tens digit of j?
1
Let c be (-27)/(-6)*2/3. Let y(q) = -q**3 - q**2 + q + 2. Let d(w) = 2*w**3 - 3. Let l(m) = 4*d(m) + 5*y(m). What is the units digit of l(c)?
9
Suppose 5*q - 2610 = 5*y, -5*y = -4*y + 3. Let c = q + -416. What is the hundreds digit of c?
1
Let w = 48 + -44. Suppose -s + 9 = -0*s - m, -w*s - 4*m = -28. What is the units digit of 5 - s - (-16 - 0)?
3
Let v = -34232 - -60310. What is the hundreds digit of v?
0
Let z(j) = j - 2. Suppose 0 = -37*q + 41*q - 28. Let d be z(q). What is the tens digit of 1 + 0 - (-84 + d)?
8
Suppose 113930 = 63*k - 182548. What is the units digit of k?
6
Let d(m) = m**2 + 9*m + 20. Let b be d(-6). Suppose -219 - 42 = -o. Suppose -3*v = 4*g - o, 0 = 3*g + b*v + v - 195. What is the units digit of g?
6
Let z = -18518 - -20036. What is the hundreds digit of z?
5
Suppose 0 = 2*c + 2, 24412 - 5711 = 2*h + 5*c. What is the hundreds digit of h?
3
Suppose 420 = -6*a + 2*a. Let g be (-5083)/(-115) - 2/(-10)*4. What is the units digit of 6/g + (-6916)/a?
6
Let i(n) = -68*n + 244. Let p be i(-22). Let y = p - 975. What is the tens digit of y?
6
Suppose 53*d - 4*v + 10060 = 57*d, -2519 = -d - 3*v. What is the tens digit of d?
1
Let y = 19495 + -8130. What is the hundreds digit of y?
3
Suppose -5*u + 6*w + 21 = 3*w, 0 = -4*u + 5*w + 22. Suppose u*z - 2252 = -5*h - 0*h, h = z + 444. What is the tens digit of h?
4
Suppose 3*r - 3*k - 19437 = 0, -3*r + r + 12940 = k. What is the thousands digit of r?
6
Let j(g) = -7*g + 31. Let u be j(3). Suppose -2140 = -u*l + 15*l. What is the hundreds digit of l/(1/((4/8)/(-1)))?
2
Suppose -8*d = -47265 + 5273. What is the thousands digit of d?
5
Let k be ((-2)/(-2))/((-225)/(-27) - 8). Suppose -5*i - 531 = -b + 105, -646 = -b + k*i. Suppose 683 = 12*x - b. What is the tens digit of x?
1
Suppose 8 = -7*v - 41. Let w be 399 - (-4 - v - 1). Suppose -2*d + 193 = 5*q, q = d + 3*d - w. What is the tens digit of d?
9
Let x(u) be the second derivative of -u**4/12 + u**3 + u**2/2 - 11*u. Let o be x(6). What is the hundreds digit of 93/(-31) + 199*o?
1
Suppose 0 = -47*r + 62*r - 83595. What is the tens digit of r?
7
Let t(f) = -f**3 + 2*f**2 + f + 8. Let n be t(-5). Let k = n - 58. What is the units digit of k?
0
Let q be 80/280 - (-4)/(-14). Suppose -5*s = -4*v - 0*s + 1932, 2*v - 3*s - 968 = q. What is the tens digit of v?
7
What is the hundreds digit of 5 + 1 - (-179 + -4968)?
1
Let i be (-119)/(-49) - (4 + (-150)/42). Suppose -3*d = -i*o + 1777, -5*d - 21 = 4. What is the units digit of o?
1
Let h be 5 + (-51)/15 + (-2)/(-5). Suppose 3*x + 11*m - 14*m - 2391 = 0, 3196 = 4*x - h*m. What is the hundreds digit of x?
8
Let w be 22/8 - (4 - -7)/(-44). Suppose -16900 = w*v - 23*v. What is the hundreds digit of v?
8
Let t be (-10)/(-15) + 8/(-3) + 5. Suppose 3*d - 4*d + 169 = -t*r, -4*d = 3*r - 706. What is the units digit of d?
5
Let s(w) = 3090*w**2 - 35*w + 87. What is the hundreds digit of s(2)?
3
Let k be (-291)/3*-3 - -5. Suppose -133*s - k = -137*s. What is the units digit of s?
4
What is the tens digit of (2505 + -3)*8/16?
5
Let a = -24 + 35. Let m(t) = 2*t - 16 - 5 - a. What is the units digit of m(17)?
2
What is the hundreds digit of -14 - ((-279951)/7 + -9)?
9
What is the thousands digit of (84/(-24))/((-6)/4*(-5)/(-82710))?
8
Let g(n) be the second derivative of -23*n**3/6 + 471*n**2/2 + 158*n. What is the tens digit of g(0)?
7
Let p(k) = -k**2 + 17*k - 6. What is the tens digit of p(3)?
3
Suppose 3*m - 7*m + 24 = 0. Let d = 181 + -176. Suppose -d*w - 55 = -m*w. What is the units digit of w?
5
Suppose -430*d - 1728180 + 18661150 = 0. What is the units digit of d?
9
Suppose z = -z + 6. Let x be (4 - 49/z)*-3. Suppose x*v + 170 = 38*v. What is the units digit of v?
0
Suppose 0 = -61*o + 64*o - 1611. Let d = 1236 - o. What is the tens digit of d?
9
Suppose -3*g + 3*k = 0, 0 = -g - 4*g - 2*k + 35. Suppose 4*z - 23 = 5*i + 36, i + 79 = g*z. What is the units digit of z?
6
Let w = -8 + 11. Suppose q = w*o - 160 - 417, -947 = -5*o - 2*q. Let g = 334 - o. What is the hundreds digit of g?
1
Suppose 5*q - 24 = -0*q + 4*i, -5*i + 11 = 4*q. Suppose -5 = u, 2*f = q*u - 9 + 31. What is the hundreds digit of (114 - 0/f) + (-4 - -2)?
1
Suppose 10*c + 2 = -8. Let b be 5/(15/21) + c/1. What is the tens digit of (-1332)/(-6) + b/(-2)?
1
Suppose 58*u + 5587 - 179831 = 85306. What is the units digit of u?
5
Let t = 874 - 793. Suppose -5*k = 5*v - 595, 6*v - 123 = -k + v. Suppose -t*a + 82*a = k. What is the hundreds digit of a?
1
Let s(a) = 6*a**2 - 2*a + 3. Let j be s(-3). Suppose 7*b - 5*r - j = 3*b, -4*r = -4. Let d = 3 + b. What is the tens digit of d?
2
Suppose f + 3*y - 7107 = 0, 3*f + 4*y - 6968 = 14333. What is the thousands digit of f?
7
Suppose 32*h - 101762 = 64862. What is the units digit of h?
7
Let n = 1120 - 1610. Let a = 1218 + n. What is the hundreds digit of a?
7
Suppose -10*w + 18*w - 152 = 0. What is the tens digit of (488 + -1)/(-18 + w)?
8
Let g(o) be the first derivative of 35*o**2/2 + 37*o + 242. What is the hundreds digit of g(5)?
2
Suppose 0 = 28*x - 113175 - 329377 + 133908. What is the ten thousands digit of x?
1
Let p be 6/(-12) + (1 - (-15)/(-6)). Let h(n) = 2*n**2 + 2*n - 2. Let v be h(p). Suppose -3*f + 71 = -v*f. What is the units digit of f?
1
Let a(i) = 108*i - 6. Let n(s) = s - 3. Let l be n(1). Let z be a(l). Let p = z - -368. What is the hundreds digit of p?
1
Suppose -4*d + 12 = 0, 0 = -2*g - 8*d + 3555 + 419. What is the hundreds digit of g?
9
Let h(m) be the first derivative of 109*m**3/3 + m**2 - 3*m - 30. What is the tens digit of h(1)?
0
Let m be (-852)/(-10) - (-44)/55. Let r be (-2)/(-7) - (-825)/(-21). Let p = r + m. What is the units digit of p?
7
Suppose 5*p + 56499 - 318304 = -4*s, 3*s - 4*p - 196408 = 0. What is the ten thousands digit of s?
6
Let t(a) = -2*a**2 + 49*a + 19. Let y be t(25). What is the tens digit of 1300/y*(-192)/80?
2
Let b(y) = -478 + 24*y**2 - 13*y**2 + 16*y + 14*y**2 + 489. What is the tens digit of b(4)?
7
Suppose -40*n = -13*n - 432. Let r(o) = 11*o**2 + 2*o. Let s be r(-2). What is the tens digit of n/s + 58/5?
1
Let p(v) = 595*v - 3933. What is the ten thousands digit of p(42)?
2
Let i = -596 + 242. Suppose -3*a = s + 1288, 279 + 1009 = -s - 5*a. What is the units digit of 2/(14/49 - i/s)?
4
Let u(f) = -f**3 + 14*f**2 - 9*f + 10. Let c be u(13). Let a be 80/6*36/(-24). Let v = a + c. What is the tens digit of v?
4
What is the thousands digit of 12/9*(4 + (-1166075)/(-100))?
5
Let i(v) = v**2 + 15*v + 37. Let h be i(-3). Suppose 32 - 7 = 5*u. What is the tens digit of (-9 + u)/(h/(-32))?
2
Suppose 388 = 5*o - 222. Suppose 0 = o*t - 125*t + 969. What is the hundreds digit of t?
3
Let h(j) = j**2 - 8*j - 6. Let o be 1*-4*(-5)/2. Let z be h(o). What is the tens digit of ((-4)/(-5))/(z/315)?
1
Let p(m) = 7*m**2 + 32*m + 56. Let i = 76 - 88. What is the hundreds digit of p(i)?
6
Suppose -3*s = 2*s + v - 22, 2*s = 2*v + 16. Suppose -5*k - s*k + 8390 = 0. Let m = k + -573. What is the tens digit of m?
6
Let g(d) = d**2 + 3*d - 18. Let b be g(-6). Let n be -53*3/(-3) + b. Let k = 115 - n. What is the units digit of k?
2
Suppose -3*o = -2*c